{"id":14,"date":"2023-02-13T11:25:03","date_gmt":"2023-02-13T11:25:03","guid":{"rendered":"https:\/\/dev.aeeconsulting.com\/about\/"},"modified":"2025-04-16T10:51:54","modified_gmt":"2025-04-16T15:51:54","slug":"about","status":"publish","type":"page","link":"https:\/\/preview.aeeconsulting-ec.com\/aeeconsulting\/about\/","title":{"rendered":"Acerca de Nosotros"},"content":{"rendered":"\t\t<div data-elementor-type=\"wp-page\" data-elementor-id=\"14\" class=\"elementor elementor-14\">\n\t\t\t\t<div class=\"elementor-element elementor-element-bef2190 e-flex e-con-boxed e-con e-parent\" data-id=\"bef2190\" data-element_type=\"container\" data-settings=\"{&quot;background_background&quot;:&quot;gradient&quot;}\">\n\t\t\t\t\t<div class=\"e-con-inner\">\n\t\t<div class=\"elementor-element elementor-element-38fee65 e-con-full e-flex e-con e-child\" data-id=\"38fee65\" data-element_type=\"container\">\n\t\t\t\t<div class=\"elementor-element elementor-element-36f2e36 elementor-widget elementor-widget-image\" data-id=\"36f2e36\" data-element_type=\"widget\" data-settings=\"{&quot;_animation&quot;:&quot;none&quot;}\" data-widget_type=\"image.default\">\n\t\t\t\t<div class=\"elementor-widget-container\">\n\t\t\t\t\t\t\t\t\t\t\t\t\t\t\t<img fetchpriority=\"high\" decoding=\"async\" width=\"790\" height=\"533\" src=\"https:\/\/preview.aeeconsulting-ec.com\/aeeconsulting\/wp-content\/uploads\/2025\/03\/ACN.png\" class=\"attachment-large size-large wp-image-35669\" alt=\"\" srcset=\"https:\/\/preview.aeeconsulting-ec.com\/aeeconsulting\/wp-content\/uploads\/2025\/03\/ACN.png 1024w, https:\/\/preview.aeeconsulting-ec.com\/aeeconsulting\/wp-content\/uploads\/2025\/03\/ACN-300x202.png 300w, https:\/\/preview.aeeconsulting-ec.com\/aeeconsulting\/wp-content\/uploads\/2025\/03\/ACN-768x518.png 768w\" sizes=\"(max-width: 790px) 100vw, 790px\" \/>\t\t\t\t\t\t\t\t\t\t\t\t\t\t\t<\/div>\n\t\t\t\t<\/div>\n\t\t\t\t<\/div>\n\t\t<div class=\"elementor-element elementor-element-ae2b4d4 e-con-full e-flex e-con e-child\" data-id=\"ae2b4d4\" data-element_type=\"container\">\n\t\t\t\t<div class=\"elementor-element elementor-element-37f2b7b elementor-widget elementor-widget-heading\" data-id=\"37f2b7b\" data-element_type=\"widget\" data-widget_type=\"heading.default\">\n\t\t\t\t<div class=\"elementor-widget-container\">\n\t\t\t\t\t<h2 class=\"elementor-heading-title elementor-size-default\">Nuestra promesa<\/h2>\t\t\t\t<\/div>\n\t\t\t\t<\/div>\n\t\t\t\t<div class=\"elementor-element elementor-element-da5d3c3 elementor-widget elementor-widget-text-editor\" data-id=\"da5d3c3\" data-element_type=\"widget\" data-widget_type=\"text-editor.default\">\n\t\t\t\t<div class=\"elementor-widget-container\">\n\t\t\t\t\t\t\t\t\t<p>En\u00a0Asesor\u00eda Empresarial del Ecuador, <strong>AEE Consulting<\/strong>,\u00a0no solo asesoramos,\u00a0<strong>transformamos su organizaci\u00f3n<\/strong>.<\/p><p>Consultor\u00eda a la medida para optimizar procesos y recursos.<br \/>Estrategias innovadoras alineadas con regulaciones nacionales e internacionales.<\/p><p>Acompa\u00f1amiento integral desde la planificaci\u00f3n hasta la implementaci\u00f3n.<\/p>\t\t\t\t\t\t\t\t<\/div>\n\t\t\t\t<\/div>\n\t\t\t\t<\/div>\n\t\t\t\t\t<\/div>\n\t\t\t\t<\/div>\n\t\t<div class=\"elementor-element elementor-element-560eb2a e-flex e-con-boxed e-con e-parent\" data-id=\"560eb2a\" data-element_type=\"container\" data-settings=\"{&quot;background_background&quot;:&quot;classic&quot;}\">\n\t\t\t\t\t<div class=\"e-con-inner\">\n\t\t<div class=\"elementor-element elementor-element-6068ef7 e-con-full e-flex e-con e-child\" data-id=\"6068ef7\" data-element_type=\"container\">\n\t\t\t\t<div class=\"elementor-element elementor-element-b73bb63 elementor-widget elementor-widget-heading\" data-id=\"b73bb63\" data-element_type=\"widget\" data-widget_type=\"heading.default\">\n\t\t\t\t<div class=\"elementor-widget-container\">\n\t\t\t\t\t<h2 class=\"elementor-heading-title elementor-size-default\">Misi\u00f3n<\/h2>\t\t\t\t<\/div>\n\t\t\t\t<\/div>\n\t\t\t\t<div class=\"elementor-element elementor-element-fb7c3cf elementor-widget elementor-widget-text-editor\" data-id=\"fb7c3cf\" data-element_type=\"widget\" data-widget_type=\"text-editor.default\">\n\t\t\t\t<div class=\"elementor-widget-container\">\n\t\t\t\t\t\t\t\t\t<p>Brindar asesor\u00eda, consultor\u00eda y capacitaci\u00f3n de alta calidad en contrataci\u00f3n p\u00fablica, derecho administrativo y gesti\u00f3n empresarial. Desarrollamos soluciones estrat\u00e9gicas e innovadoras, alineadas con las necesidades de nuestros clientes y con los m\u00e1s altos est\u00e1ndares de transparencia y eficiencia. Nuestro compromiso es generar resultados efectivos a trav\u00e9s de un equipo multidisciplinario con amplia experiencia en el sector p\u00fablico y privado.<\/p>\t\t\t\t\t\t\t\t<\/div>\n\t\t\t\t<\/div>\n\t\t\t\t<div class=\"elementor-element elementor-element-90f5b27 elementor-widget elementor-widget-heading\" data-id=\"90f5b27\" data-element_type=\"widget\" data-widget_type=\"heading.default\">\n\t\t\t\t<div class=\"elementor-widget-container\">\n\t\t\t\t\t<h2 class=\"elementor-heading-title elementor-size-default\">Visi\u00f3n<\/h2>\t\t\t\t<\/div>\n\t\t\t\t<\/div>\n\t\t\t\t<div class=\"elementor-element elementor-element-546d720 elementor-widget elementor-widget-text-editor\" data-id=\"546d720\" data-element_type=\"widget\" data-widget_type=\"text-editor.default\">\n\t\t\t\t<div class=\"elementor-widget-container\">\n\t\t\t\t\t\t\t\t\t<p>Ser la consultora l\u00edder en Ecuador en asesor\u00eda estrat\u00e9gica, reconocida por la calidad de nuestros servicios, nuestro enfoque innovador y la excelencia de nuestro equipo. Nos proyectamos como un referente en soluciones integrales para empresas e instituciones, impulsando la eficiencia, la transparencia y el desarrollo sostenible en cada proyecto.<\/p>\t\t\t\t\t\t\t\t<\/div>\n\t\t\t\t<\/div>\n\t\t\t\t<\/div>\n\t\t<div class=\"elementor-element elementor-element-bfba79d e-con-full e-flex e-con e-child\" data-id=\"bfba79d\" data-element_type=\"container\">\n\t\t\t\t<div class=\"elementor-element elementor-element-733e491 elementor-invisible elementor-widget elementor-widget-image\" data-id=\"733e491\" data-element_type=\"widget\" data-settings=\"{&quot;_animation&quot;:&quot;fadeIn&quot;}\" data-widget_type=\"image.default\">\n\t\t\t\t<div class=\"elementor-widget-container\">\n\t\t\t\t\t\t\t\t\t\t\t\t\t\t\t<img decoding=\"async\" width=\"790\" height=\"431\" src=\"https:\/\/preview.aeeconsulting-ec.com\/aeeconsulting\/wp-content\/uploads\/2024\/07\/2_home_slider.jpg\" class=\"attachment-large size-large wp-image-34361\" alt=\"\" srcset=\"https:\/\/preview.aeeconsulting-ec.com\/aeeconsulting\/wp-content\/uploads\/2024\/07\/2_home_slider.jpg 900w, https:\/\/preview.aeeconsulting-ec.com\/aeeconsulting\/wp-content\/uploads\/2024\/07\/2_home_slider-600x327.jpg 600w, https:\/\/preview.aeeconsulting-ec.com\/aeeconsulting\/wp-content\/uploads\/2024\/07\/2_home_slider-300x164.jpg 300w, https:\/\/preview.aeeconsulting-ec.com\/aeeconsulting\/wp-content\/uploads\/2024\/07\/2_home_slider-768x419.jpg 768w\" sizes=\"(max-width: 790px) 100vw, 790px\" \/>\t\t\t\t\t\t\t\t\t\t\t\t\t\t\t<\/div>\n\t\t\t\t<\/div>\n\t\t\t\t<\/div>\n\t\t\t\t\t<\/div>\n\t\t\t\t<\/div>\n\t\t<div class=\"elementor-element elementor-element-c6b916a e-con-full e-flex e-con e-parent\" data-id=\"c6b916a\" data-element_type=\"container\">\n\t\t<div class=\"elementor-element elementor-element-073f5a8 e-con-full e-flex e-con e-child\" data-id=\"073f5a8\" data-element_type=\"container\">\n\t\t\t\t<div class=\"elementor-element elementor-element-515cda3 elementor-widget elementor-widget-heading\" data-id=\"515cda3\" data-element_type=\"widget\" data-widget_type=\"heading.default\">\n\t\t\t\t<div class=\"elementor-widget-container\">\n\t\t\t\t\t<h2 class=\"elementor-heading-title elementor-size-default\">Nuestra diferencia<\/h2>\t\t\t\t<\/div>\n\t\t\t\t<\/div>\n\t\t\t\t<\/div>\n\t\t<div class=\"elementor-element elementor-element-218cf0a e-flex e-con-boxed e-con e-child\" data-id=\"218cf0a\" data-element_type=\"container\">\n\t\t\t\t\t<div class=\"e-con-inner\">\n\t\t<div class=\"elementor-element elementor-element-7d8bada e-grid e-con-full e-con e-child\" data-id=\"7d8bada\" data-element_type=\"container\">\n\t\t\t\t<div class=\"elementor-element elementor-element-ba97f76 elementor-widget elementor-widget-heading\" data-id=\"ba97f76\" data-element_type=\"widget\" data-widget_type=\"heading.default\">\n\t\t\t\t<div class=\"elementor-widget-container\">\n\t\t\t\t\t<h2 class=\"elementor-heading-title elementor-size-default\">- Enfoque pr\u00e1ctico y alineado con la normativa vigente.  <\/h2>\t\t\t\t<\/div>\n\t\t\t\t<\/div>\n\t\t\t\t<div class=\"elementor-element elementor-element-2e9ea5b elementor-widget elementor-widget-heading\" data-id=\"2e9ea5b\" data-element_type=\"widget\" data-widget_type=\"heading.default\">\n\t\t\t\t<div class=\"elementor-widget-container\">\n\t\t\t\t\t<h2 class=\"elementor-heading-title elementor-size-default\">- Profesionales con experiencia en el sector p\u00fablico y privado.  <\/h2>\t\t\t\t<\/div>\n\t\t\t\t<\/div>\n\t\t\t\t<div class=\"elementor-element elementor-element-0d99ec2 elementor-widget elementor-widget-heading\" data-id=\"0d99ec2\" data-element_type=\"widget\" data-widget_type=\"heading.default\">\n\t\t\t\t<div class=\"elementor-widget-container\">\n\t\t\t\t\t<h2 class=\"elementor-heading-title elementor-size-default\">- Metodolog\u00edas innovadoras para mejorar la eficiencia empresarial.<\/h2>\t\t\t\t<\/div>\n\t\t\t\t<\/div>\n\t\t\t\t<\/div>\n\t\t\t\t\t<\/div>\n\t\t\t\t<\/div>\n\t\t\t\t<\/div>\n\t\t<div class=\"elementor-element elementor-element-df46988 e-flex e-con-boxed e-con e-parent\" data-id=\"df46988\" data-element_type=\"container\" data-settings=\"{&quot;background_background&quot;:&quot;classic&quot;}\">\n\t\t\t\t\t<div class=\"e-con-inner\">\n\t\t\t\t<div class=\"elementor-element elementor-element-0bc9ef9 elementor-widget-mobile__width-inherit elementor-widget elementor-widget-heading\" data-id=\"0bc9ef9\" data-element_type=\"widget\" data-widget_type=\"heading.default\">\n\t\t\t\t<div class=\"elementor-widget-container\">\n\t\t\t\t\t<h2 class=\"elementor-heading-title elementor-size-default\">\u00bfTienes dudas? o \u00bfDeseas hacer alguna consulta?<\/h2>\t\t\t\t<\/div>\n\t\t\t\t<\/div>\n\t\t<div class=\"elementor-element elementor-element-45923b4 e-flex e-con-boxed e-con e-child\" data-id=\"45923b4\" data-element_type=\"container\">\n\t\t\t\t\t<div class=\"e-con-inner\">\n\t\t\t\t<div class=\"elementor-element elementor-element-35714b8 elementor-align-left elementor-widget__width-auto elementor-mobile-align-center elementor-widget-mobile__width-inherit elementor-widget elementor-widget-button\" data-id=\"35714b8\" data-element_type=\"widget\" data-widget_type=\"button.default\">\n\t\t\t\t<div class=\"elementor-widget-container\">\n\t\t\t\t\t\t\t\t\t<div class=\"elementor-button-wrapper\">\n\t\t\t\t\t<a class=\"elementor-button elementor-button-link elementor-size-sm\" href=\"https:\/\/preview.aeeconsulting-ec.com\/aeeconsulting\/contact\/\" target=\"_blank\">\n\t\t\t\t\t\t<span class=\"elementor-button-content-wrapper\">\n\t\t\t\t\t\t<span class=\"elementor-button-icon\">\n\t\t\t\t<i aria-hidden=\"true\" class=\"icon icon-mail\"><\/i>\t\t\t<\/span>\n\t\t\t\t\t\t\t\t\t<span class=\"elementor-button-text\">Cont\u00e1ctanos<\/span>\n\t\t\t\t\t<\/span>\n\t\t\t\t\t<\/a>\n\t\t\t\t<\/div>\n\t\t\t\t\t\t\t\t<\/div>\n\t\t\t\t<\/div>\n\t\t\t\t<div class=\"elementor-element elementor-element-cab8c46 elementor-align-left elementor-widget__width-auto elementor-widget elementor-widget-button\" data-id=\"cab8c46\" data-element_type=\"widget\" data-widget_type=\"button.default\">\n\t\t\t\t<div class=\"elementor-widget-container\">\n\t\t\t\t\t\t\t\t\t<div class=\"elementor-button-wrapper\">\n\t\t\t\t\t<a class=\"elementor-button elementor-button-link elementor-size-sm\" href=\"https:\/\/preview.aeeconsulting-ec.com\/aeeconsulting\/services\/\">\n\t\t\t\t\t\t<span class=\"elementor-button-content-wrapper\">\n\t\t\t\t\t\t\t\t\t<span class=\"elementor-button-text\">Ver Servicios<\/span>\n\t\t\t\t\t<\/span>\n\t\t\t\t\t<\/a>\n\t\t\t\t<\/div>\n\t\t\t\t\t\t\t\t<\/div>\n\t\t\t\t<\/div>\n\t\t\t\t\t<\/div>\n\t\t\t\t<\/div>\n\t\t\t\t\t<\/div>\n\t\t\t\t<\/div>\n\t\t<div class=\"elementor-element elementor-element-6ff8b92 e-flex e-con-boxed e-con e-parent\" data-id=\"6ff8b92\" data-element_type=\"container\">\n\t\t\t\t\t<div class=\"e-con-inner\">\n\t\t\t\t\t<\/div>\n\t\t\t\t<\/div>\n\t\t\t\t<\/div>\n\t\t","protected":false},"excerpt":{"rendered":"<p>Nuestra promesa En\u00a0Asesor\u00eda Empresarial del Ecuador, AEE Consulting,\u00a0no solo asesoramos,\u00a0transformamos su organizaci\u00f3n. Consultor\u00eda a la medida para optimizar procesos y &hellip; <\/p>\n","protected":false},"author":1,"featured_media":0,"parent":0,"menu_order":0,"comment_status":"closed","ping_status":"closed","template":"elementor_header_footer","meta":{"_coachify_sidebar_layout":"","footnotes":""},"class_list":["post-14","page","type-page","status-publish","hentry","image-hover-transition-effect"],"_links":{"self":[{"href":"https:\/\/preview.aeeconsulting-ec.com\/aeeconsulting\/wp-json\/wp\/v2\/pages\/14","targetHints":{"allow":["GET"]}}],"collection":[{"href":"https:\/\/preview.aeeconsulting-ec.com\/aeeconsulting\/wp-json\/wp\/v2\/pages"}],"about":[{"href":"https:\/\/preview.aeeconsulting-ec.com\/aeeconsulting\/wp-json\/wp\/v2\/types\/page"}],"author":[{"embeddable":true,"href":"https:\/\/preview.aeeconsulting-ec.com\/aeeconsulting\/wp-json\/wp\/v2\/users\/1"}],"replies":[{"embeddable":true,"href":"https:\/\/preview.aeeconsulting-ec.com\/aeeconsulting\/wp-json\/wp\/v2\/comments?post=14"}],"version-history":[{"count":168,"href":"https:\/\/preview.aeeconsulting-ec.com\/aeeconsulting\/wp-json\/wp\/v2\/pages\/14\/revisions"}],"predecessor-version":[{"id":36140,"href":"https:\/\/preview.aeeconsulting-ec.com\/aeeconsulting\/wp-json\/wp\/v2\/pages\/14\/revisions\/36140"}],"wp:attachment":[{"href":"https:\/\/preview.aeeconsulting-ec.com\/aeeconsulting\/wp-json\/wp\/v2\/media?parent=14"}],"curies":[{"name":"wp","href":"https:\/\/api.w.org\/{rel}","templated":true}]}}